 derivative of -2*v - 5/2*v**2 + 0 + v**3. Calculate the remainder when i(4) is divided by 10.
9
Let j(r) = r**3 + 9*r**2 - 8*r - 9. Let v be j(-6). Suppose 123 = 5*q - v. What is the remainder when q is divided by 19?
16
Let x(v) = -9*v**3 - 1. Calculate the remainder when 22 is divided by x(-1).
6
Let w(d) = -d**2 - 6*d - 2. Let q be w(-6). Calculate the remainder when 66 is divided by (17/q)/(3/(-6)).
15
Let m be 4 - (0 + (-1 - 0)). Suppose -2*h + 14 = 3*d, m = 7*h - 2*h. What is the remainder when 15 is divided by d?
3
Suppose 0 = -2*w + w + 19. Calculate the remainder when 36 is divided by w.
17
Let m(t) = 2*t**2 + 6*t. Let u(q) = q**3 + 8*q**2 + 5*q + 8. Calculate the remainder when u(-5) is divided by m(-5).
18
What is the remainder when 34/(-4)*-5 + 3/6 is divided by 15?
13
Calculate the remainder when 3/(255/(-132) + 2) is divided by 23.
21
Let k(x) = -6*x - 4. What is the remainder when 21 is divided by k(-2)?
5
Suppose -4*g = -3*j - 43, -3*g - 12 = 5*j - 66. Calculate the remainder when 37 is divided by g.
11
Let i(l) = l + 23. What is the remainder when 278 is divided by i(17)?
38
Suppose -18 = 4*y + 3*m, 0 = 2*y - 0*m + 4*m + 4. Let b be y/(-15) - (-47)/(-5). Let z = -1 - b. Calculate the remainder when z is divided by 5.
3
Let g(x) = 3*x - 6. Suppose -2*y - y = 0. Suppose 3*h + t = 10, -2*t = 4 - y. What is the remainder when g(5) is divided by h?
1
Suppose q + 14 = 2*q. What is the remainder when 25 is divided by q?
11
Let t(w) = w**3 + w**2 - w + 24. Suppose -5 = -2*g + c, 7*c - 2*c - 17 = -4*g. Suppose -g*n = n. Calculate the remainder when 70 is divided by t(n).
22
Suppose -5*i = -5*n + 100, 0*i = -5*i - 10. Calculate the remainder when n is divided by 7.
4
Let q(o) = o**3 - 9*o**2 + 8*o + 11. Let c = 4 - 1. Suppose -c*x - 4 = -64. What is the remainder when x is divided by q(8)?
9
What is the remainder when (13/26)/((-2)/(-28)) is divided by 5?
2
Suppose 3*s - 12 = 6. What is the remainder when s - (0/3 - 1) is divided by 3?
1
Let o(q) = q**2 + 3*q - 3. Let z be o(9). Suppose 4*i = i + z. Calculate the remainder when i is divided by 12.
11
Let i(b) = -b**3 + 11*b**2 + 27*b + 16. Calculate the remainder when i(13) is divided by 4.
1
Let o(a) = a**3 - a**2 + a. Let k be o(1). Suppose 2*g + 4*c = 16, 2*g - 18 = 4*c + 14. Calculate the remainder when k*10*30/g is divided by 14.
11
Calculate the remainder when 138/4 - (-11)/22 is divided by 9.
8
Let c(b) = b**2 - 5*b + 14. What is the remainder when 48 is divided by c(4)?
8
Let n(c) = 2*c + 9. Calculate the remainder when 15 is divided by n(-3).
0
Let j = 102 + -76. What is the remainder when j is divided by 4?
2
Suppose 506 = 5*q - 3*f, 3*q - 70 = -f + 242. Calculate the remainder when q is divided by 26.
25
Suppose -9 = 3*q, -2*q - 30 = -4*w - 0. Let c be (-935)/5 - -1*3. What is the remainder when ((-4)/(-2))/((-16)/c) is divided by w?
5
Calculate the remainder when (-24)/(-9)*636/16 is divided by 10.
6
Suppose -o + 6 = 1. Suppose 0*v + o*v = -3*x - 87, -3*x - 93 = 3*v. Let g = 59 + x. Calculate the remainder when g is divided by 9.
7
Suppose 0 = 5*o - 2*l - 255, 208 + 72 = 5*o + 3*l. What is the remainder when o is divided by 19?
15
Let m(k) = -k**2 + 6. Calculate the remainder when 17 is divided by m(0).
5
What is the remainder when 73 - (-4 + 3 + 4) is divided by -1*(-2 - -2) - -18?
16
What is the remainder when (1 - 5) + 584/8 is divided by 36?
33
Let v = 50 - 41. What is the remainder when 40 is divided by v?
4
Let v be (0 - (-4)/(-2)) + 3. Let k = 51 + -30. Let n = k - v. Calculate the remainder when n is divided by 7.
6
Suppose -3*m - m = -k - 3, 0 = k + m - 7. Suppose 4*w + 3*p - 99 = 0, -4*w + 29 = k*p - 64. Calculate the remainder when w is divided by 15.
12
Let c(b) = -b**3 + 5*b**2 + 4*b - 10. Suppose 3*a - l - 22 = 26, 3*l = -2*a + 43. What is the remainder when a is divided by c(5)?
7
Calculate the remainder when 1/(-1) + 1 - -13 is divided by 5.
3
Let b = 0 - 0. Suppose b = -3*h - k - 17, -4*k = 9 - 1. What is the remainder when ((-9)/h)/(10/50) is divided by 5?
4
Let q(m) = -m**2 - 19*m - 13. What is the remainder when q(-10) is divided by 20?
17
Let u = -14 + 23. Let l be ((-1)/(-1)*-178)/(-2). Let y = -64 + l. Calculate the remainder when y is divided by u.
7
Let m(h) = -3*h**3 - 2*h**2 - h. Let g(x) = x**3 + 8*x**2 + x + 7. Let n be g(-8). What is the remainder when 5 is divided by m(n)?
1
Let d(w) = w**2 - 19*w - 7. What is the remainder when d(21) is divided by 14?
7
Calculate the remainder when 48 is divided by (-52)/1*((-15)/10 + 1).
22
Suppose -x = 3*y - 19 - 5, 0 = -y + 3. Let w be (-4)/18 - (-86)/(-18). Let r = 9 + w. Calculate the remainder when x is divided by r.
3
Let z = -49 - -84. What is the remainder when 102 is divided by z?
32
Suppose -3*o - 4*c - 50 = -8*o, 2*o - 20 = 5*c. Calculate the remainder when 18 is divided by o.
8
Suppose a + m - 19 = 0, -5*a + 3*m = -6*a + 25. Calculate the remainder when 61 is divided by a.
13
Let p be ((-25)/15)/(1/(-3)). Suppose p + 30 = 5*u. Calculate the remainder when 12 is divided by u.
5
Suppose 4*g - 6*g = -6. Suppose g*w = 3*h + 12, h - 3*h = -5*w + 14. Suppose 0 = -5*v + w*v + 114. Calculate the remainder when v is divided by 10.
8
Let x(h) = -h**3 - 10*h**2 - 10*h - 6. Calculate the remainder when 9 is divided by x(-9).
0
Let o(r) = -r + 1. Let v = -8 - 5. Calculate the remainder when 54 is divided by o(v).
12
Let l(g) be the first derivative of -g**4/4 - 4*g**3/3 + 2*g**2 + 9*g - 1. Calculate the remainder when 55 is divided by l(-5).
13
Let j(z) = z**3 - 5*z**2 + 2. Let i(q) be the second derivative of -q**3/2 - q. Calculate the remainder when i(-1) is divided by j(5).
1
Suppose -r - 2*r = -300. Calculate the remainder when r is divided by 34.
32
Let v(z) = -44*z**2 + 2*z - 1. Let n be v(1). Let w = -15 - n. Suppose -i = i - w. Calculate the remainder when 27 is divided by i.
13
Suppose 0 = -s - 1, 3*b + 2*s = s + 95. What is the remainder when b is divided by 11?
10
Suppose -17 = -z + 26. Let n = 72 - z. Calculate the remainder when n is divided by 16.
13
Suppose 0 = 3*l - 0*l + 12. Calculate the remainder when 54 is divided by (-28)/(-3)*(-6)/l.
12
Suppose 0*h + 2*c - 18 = -2*h, c = 5*h - 39. Suppose 6 - 16 = -2*p. Calculate the remainder when h is divided by p.
3
What is the remainder when 6/3*-1*-4 is divided by 3?
2
Let x = 23 - 21. Suppose -4 + x = -2*a, 3*q - 29 = -2*a. Calculate the remainder when 33 is divided by q.
6
Suppose 0 = m + m - 84. Suppose -g + 0*g = k - m, 0 = -4*k - 5*g + 172. What is the remainder when k is divided by 10?
8
Suppose 0 = -2*m - 3*d + 31, -4*m - 4*d + 3 = -49. Calculate the remainder when 21 is divided by m.
5
Let f = 6 - 7. Let c = f + 0. What is the remainder when (-33)/(c*6/4) is divided by 8?
6
What is the remainder when 2/2 - (-1 + -49) is divided by 4/(-5) - (-670)/25?
25
Let z(h) = h**3 + 8*h**2 + 6*h - 3. Calculate the remainder when z(-7) is divided by 4.
0
Suppose 5*d = -0*d + 5, -4*d - 266 = -5*a. Calculate the remainder when a is divided by 14.
12
Suppose -5*r + 0*r = -10. Suppose 7 + 15 = r*w + 4*y, 5*y = 15. Suppose t = w + 9. Calculate the remainder when 40 is divided by t.
12
Let s be (-2)/4 + 1/2. Suppose g - 1 - 14 = s. What is the remainder when 29 is divided by g?
14
Suppose 5*x - 21 = 24. Suppose 19 = z + 2*c, -3*c = 5*z - 75 - 6. Calculate the remainder when z is divided by x.
6
Suppose 4*c - 484 = -140. Suppose -5*j = -c - 74. Suppose 5*u - 2*w - 70 = 0, 2*u = 3*u - 4*w - j. What is the remainder when 22 is divided by u?
10
Let v = 23 - -12. What is the remainder when v is divided by 13?
9
Calculate the remainder when (-3)/((-30)/4)*65 is divided by ((-2)/(-5))/(2/60) + 2.
12
Let z be (6/(-2))/((-3)/2). Suppose -b = -j + 50, 2*j - 4*b + 208 = 6*j. Suppose -j - 11 = -z*s. What is the remainder when s is divided by 11?
9
Suppose 31 = 2*b + 1. What is the remainder when b is divided by 528/64 + 6/8?
6
Let p(g) = -g + 17. Let a(y) = y - 5. Let h be a(6). Suppose 8 - h = q. What is the remainder when p(q) is divided by 3?
1
Let g = 46 + -30. Calculate the remainder when g is divided by 6.
4
Let q be 1/(0 + (-1)/(-5)). Suppose 31 = -q*h + 106. Calculate the remainder when h is divided by 8.
7
Suppose 0*o = -3*o - a + 17, 2*a - 4 = 0. Suppose b 